
2, 7
Suppose -12*r + 16*r - 4 = 0, 5*r + 6470 = 5*c. List the prime factors of c.
5, 7, 37
Let t = -5 - -10. Suppose -t = 5*w, -2*a + w + w = -2. Suppose a = 3*d + 2*j - 11, 3*d + 3*j - 6 = 0. List the prime factors of d.
7
Let l = 1227 + -735. List the prime factors of l.
2, 3, 41
Suppose -b + 334 - 95 = 0. What are the prime factors of b?
239
Let r(u) = u**2 + 52*u + 45. List the prime factors of r(9).
2, 3, 11
Let n(x) = -x**2 + 2*x + 18. Let o be n(0). Let h = 16 - o. List the prime factors of 15/(-6)*(0 + h).
5
Let q = 21 + 294. Suppose 93 = -3*l + q. Suppose -l = -2*d - 4*a, 5*d - 211 = 3*a - 0*a. List the prime factors of d.
41
Suppose 0*x - 1 = -2*x + l, 4*x + 8 = 4*l. Suppose -x*v = -8*v + 325. What are the prime factors of v?
5, 13
Suppose 0 = -5*b - 2*u + 33, -b - 13 = -3*b - u. Let y(k) = -3*k + 13. Let a be y(b). What are the prime factors of ((-266)/28)/(2/a)?
2, 19
Let g = 496 - 229. What are the prime factors of g?
3, 89
What are the prime factors of (-60 - -58)*(-3)/(3/1258)?
2, 17, 37
Suppose -3*c - 4*v - 157 = v, c + 4*v = -50. Let w = c + 169. List the prime factors of w.
5, 23
Let u(w) = 5*w - 6. Suppose 12*l = 15*l - 15. Let k be u(l). Suppose 0 = -21*y + k*y + 104. List the prime factors of y.
2, 13
Let u be 219/2*(-4)/6. Let b = u - -190. What are the prime factors of b?
3, 13
Let u be (-1)/(-5)*-16 - (-2)/10. Let i(p) = 19*p**2 + 6*p - 1. What are the prime factors of i(u)?
2, 19
Let o(r) be the third derivative of -47*r**6/120 + r**5/30 + r**4/12 - 9*r**2. What are the prime factors of o(-1)?
47
Let p = -54 - -54. Suppose -5*u + 0*y + 4*y + 931 = p, -936 = -5*u - y. List the prime factors of u.
11, 17
Let k(l) = -123*l - 4. Let s(x) = 123*x + 4. Let d(j) = 4*k(j) + 3*s(j). List the prime factors of d(-1).
7, 17
Let k(h) = h + 13. Let u be k(-10). Let w(o) = 2*o**2 - o**2 + 6*o + u - 6*o. List the prime factors of w(0).
3
Suppose 3*a + 20 = 5*x + 55, -5*a + 21 = x. Let u = x + -2. Let t = 2 - u. What are the prime factors of t?
2
Suppose 0 = -4*w + w - 2*k - 2, -2*w - k = 0. Suppose x = -w - 2. List the prime factors of x*(-3 - -8)*-1.
2, 5
Suppose 0 = -3*q - 4*r + 16, -2*r = -3*q + 3*r - 20. Suppose q = -2*z + 5*z - 84. What are the prime factors of z?
2, 7
Let z = -94 + 180. Let i be -2 - 6*19/2. Let u = i + z. List the prime factors of u.
3
Let s(i) = -9*i**3 + 3*i - 3. Let a(d) = 9*d**3 - 2*d + 2 + 0*d**3 - 4*d**3 + 0*d**3. Let n(k) = 7*a(k) + 4*s(k). List the prime factors of n(-3).
5, 7
Suppose -3*a = 2*a. List the prime factors of (a - -1) + 616/11.
3, 19
Let a(s) = -2*s**3 + s**2 + 3*s - 2. What are the prime factors of a(-3)?
2, 13
Let z be ((-4)/(-8)*5)/(1/(-2)). Let c(b) = -3*b**3 - 4*b**2 + 2*b - 13. List the prime factors of c(z).
2, 3, 7
Suppose 4*t + 34 = 90. Let b(r) = 2*r + 38 + 36*r**3 - 35*r**3 - t - r**2. List the prime factors of b(0).
2, 3
Let n be (-2 - -3) + 18/(-6). Let s(h) = -h**3 - h**2 + 2*h + 2. Let w be s(n). Suppose -2*v = p - 62, w*v - 7*v - p + 161 = 0. List the prime factors of v.
3, 11
Suppose 5*u + 4*x - 50 = 3*x, u = -x + 14. Let f = -4 + u. Suppose f*i = i + 88. List the prime factors of i.
2, 11
Let q(c) = -c**2 - 22*c + 87. List the prime factors of q(-24).
3, 13
List the prime factors of (1 + (-905)/15)*-3*1.
2, 89
Let a(l) be the second derivative of -5*l**3/6 - 15*l. What are the prime factors of a(-9)?
3, 5
Let n(f) = -f**3 - f**2 - f + 1. Let s(t) = 4*t**2 + 2*t + 3. Let q(y) = n(y) + s(y). Let d be q(3). Suppose -d*x = -3*x - 148. What are the prime factors of x?
37
Suppose 0*s + 4*s = 16, -5*s - 2596 = -2*o. What are the prime factors of o?
2, 3, 109
Suppose -595*i + 593*i + 2822 = 0. List the prime factors of i.
17, 83
Let r(l) = -5*l**3 - 8*l**2 + 12*l - 10. List the prime factors of r(-6).
2, 5, 71
Let s be 3/(3 - (-3)/120*-119). Suppose -1610 = -10*a - s. What are the prime factors of a?
149
Suppose -28*r + 94875 = -3*r. List the prime factors of r.
3, 5, 11, 23
What are the prime factors of 246 - (0 + 9 - 152/38)?
241
Suppose -2*k + 6 = 3*c, -2*k + 2*c + 0*c = -6. Suppose 0 = -0*y - k*y + 1533. Suppose 196 = -5*j + y. List the prime factors of j.
3, 7
Let u(o) = o**2 + 5*o + 1. Let v be u(-4). Let f = v + 19. List the prime factors of f.
2
Let x(u) = -u**3 + 6*u**2 + 4*u + 6. Let v be x(7). List the prime factors of 1 - -21*(-10)/v.
3, 5
Let n(j) be the second derivative of -j**4/12 - j**3 + 39*j**2/2 - 34*j. List the prime factors of n(-8).
23
Suppose -90*o = -82*o - 88. List the prime factors of o.
11
Let s(h) = -43*h**3 + h**2 + 5*h + 4. List the prime factors of s(-2).
2, 3, 19
Let v(f) = 4*f**2 - 6*f - 4. Let c be v(-4). Let t(p) = 6*p - 22. Let a be t(4). What are the prime factors of -4*(c/(-16) + a)?
13
Suppose -2*l + 15 = 3*l. Let f = 223 - 135. Suppose -l*n = n - f. List the prime factors of n.
2, 11
Suppose 2*p = -16*p - 144. Let t(c) = c**2 + c + 84. Let h be t(0). What are the prime factors of (3 - 5)/(p/h)?
3, 7
Let k = 119 + 289. List the prime factors of k.
2, 3, 17
Let r(a) = a**3 - 9*a**2 - 2*a + 19. Let n be r(9). What are the prime factors of (n - -23)/(18/132)?
2, 11
Let v(c) = -c**3 - 21*c**2 - 19*c + 25. Let x be v(-20). Suppose 3*l + x*j - 3*j - 101 = 0, -3*l + 5*j = -94. What are the prime factors of l?
3, 11
Let s(b) = -33*b - 15. Suppose -3*m + y - 2 + 20 = 0, -5*m + 40 = -5*y. Let l(c) = 49*c + 23. Let f(p) = m*l(p) + 8*s(p). What are the prime factors of f(-3)?
2, 13
Let h be (0/(3 - 1))/(-2). Suppose h = f - 2*z + 4*z + 342, -333 = f + 5*z. List the prime factors of (f/9)/(-4)*3.
29
Let f = -13 + 28. Let v be 5/f*(-2 + 8). Suppose 12 = v*r + 5*p, -2*p - 17 = -3*r + 1. What are the prime factors of r?
2, 3
Let d = -27 + 143. Let s = d - 60. List the prime factors of s.
2, 7
Let c be ((-3)/(-3))/(-2) + (-30)/(-4). Suppose 1984 = c*p + p. What are the prime factors of p?
2, 31
Suppose 10902 + 24798 = 14*b. List the prime factors of b.
2, 3, 5, 17
Let k(c) = -c + 9. Let p be k(4). Suppose -3*d - 3 = -f, -3*d + p*f - 15 = -0*d. Suppose d*y = -y + 46. What are the prime factors of y?
2, 23
Let a(c) = -c**3 - 2*c**2 - c - 2. Let o be a(-2). Suppose o = 27*n - 32*n + 120. List the prime factors of n.
2, 3
Let r(j) = -12*j**3 + 3*j**2 - 3*j - 9. What are the prime factors of r(-5)?
3, 17, 31
What are the prime factors of 2518 + -4 + 0/(-10)?
2, 3, 419
Let r = -240 - -650. List the prime factors of r.
2, 5, 41
Let b = -7 + 9. Suppose -u - b*t = -104, -u = -t + 5*t - 114. What are the prime factors of u?
2, 47
Suppose m - 36 = -8*m. Suppose -m*l + 505 = 165. What are the prime factors of l?
5, 17
Suppose 8*v - 6*v = 0. Suppose v*w = -3*w + 66. Let p = w + 15. What are the prime factors of p?
37
Let k(t) = -63*t**2 - 3*t + 13. Let j be k(-3). What are the prime factors of (-4)/(-1) - j/5?
113
Let b(m) be the third derivative of m**6/6 - m**5/15 + 2*m**3/3 + 24*m**2. List the prime factors of b(2).
2, 37
Suppose -27*h - 2*g = -26*h - 886, 3*g = -2*h + 1775. What are the prime factors of h?
2, 223
Suppose 182 = 5*d - 1078. Let q = d - 168. List the prime factors of q.
2, 3, 7
Let f = -36 - -30. What are the prime factors of f/(-27) - 4960/(-36)?
2, 3, 23
Let v = 672 - 401. List the prime factors of v.
271
Suppose 16*m - 34712 = -13064. What are the prime factors of m?
3, 11, 41
Let q be 3642/(-36) + (-1)/(-6). List the prime factors of q/(1 - (0 + 2)).
101
Suppose 0 = -3*k + 9, 0*b - k + 155 = 4*b. Let r be (-6)/(-2) + -2 + b. Let o = 11 + r. What are the prime factors of o?
2, 5
Let s(t) = t**3 + 6*t**2 + 4*t + 4. Let h(k) = -k**2 + 4*k - 3. Suppose -l + 3 = -1. Let y be h(l). List the prime factors of s(y).
19
Let d(m) = -2*m**2 - 2*m + 2. Let l be d(-2). Let v be -14*(2/(-4) - l). Let a = -9 - v. List the prime factors of a.
2, 3
Let z = -273 + 650. What are the prime factors of z?
13, 29
Suppose -10*x + 7643 = -697. List the prime factors of x.
2, 3, 139
Let t(u) = -2*u**3 + 16*u**2 - 2*u - 10. Let k(q) = q**3 - q**2 + 1. Let o(p) = 3*k(p) + t(p). What are the prime factors of o(-13)?
19
Let q be 2/3*(-30)/(-4). Suppose -4*c = k - 74, k = -c + q*c + 98. Let s = 121 - k. What are the prime factors of s?
5, 7
What are the prime factors of (-3 - (-1 - 4 - 0)) + 636?
2, 11, 29
Let m = -144 + 150. Let g(o) = 29*o - 42. What are the prime factors 